t is the units digit of 81717?
7
What is the thousands digit of 7346055?
6
What is the millions digit of 19973977?
9
What is the thousands digit of 42929?
2
What is the hundred thousands digit of 239166?
2
What is the thousands digit of 245262?
5
What is the ten thousands digit of 198634?
9
What is the hundreds digit of 2221015?
0
What is the thousands digit of 157997?
7
What is the ten thousands digit of 1334030?
3
What is the thousands digit of 4772955?
2
What is the units digit of 345315?
5
What is the hundred thousands digit of 25665317?
6
What is the ten thousands digit of 144583?
4
What is the hundreds digit of 210512?
5
What is the units digit of 552684?
4
What is the thousands digit of 15841672?
1
What is the thousands digit of 1573255?
3
What is the thousands digit of 185242?
5
What is the ten thousands digit of 475986?
7
What is the ten thousands digit of 310079?
1
What is the hundreds digit of 1308215?
2
What is the tens digit of 641499?
9
What is the tens digit of 3410155?
5
What is the thousands digit of 12752063?
2
What is the hundreds digit of 4491044?
0
What is the hundred thousands digit of 141339?
1
What is the ten thousands digit of 19602042?
0
What is the hundred thousands digit of 6110283?
1
What is the ten millions digit of 21271746?
2
What is the hundred thousands digit of 901251?
9
What is the units digit of 9230112?
2
What is the thousands digit of 17799074?
9
What is the thousands digit of 70905?
0
What is the hundred thousands digit of 295785?
2
What is the hundreds digit of 294765?
7
What is the hundred thousands digit of 1965515?
9
What is the units digit of 145729?
9
What is the thousands digit of 1764737?
4
What is the thousands digit of 477041?
7
What is the hundreds digit of 1858707?
7
What is the millions digit of 2476410?
2
What is the tens digit of 1378647?
4
What is the hundreds digit of 1775984?
9
What is the ten thousands digit of 12027307?
2
What is the tens digit of 2454395?
9
What is the thousands digit of 1950986?
0
What is the millions digit of 8566453?
8
What is the hundred thousands digit of 22760163?
7
What is the hundred thousands digit of 523971?
5
What is the hundreds digit of 113249?
2
What is the ten thousands digit of 161722?
6
What is the ten thousands digit of 13236251?
3
What is the units digit of 369969?
9
What is the hundreds digit of 25576406?
4
What is the tens digit of 5400525?
2
What is the hundreds digit of 169504?
5
What is the hundred thousands digit of 228663?
2
What is the hundreds digit of 1902545?
5
What is the ten thousands digit of 5798809?
9
What is the thousands digit of 6736628?
6
What is the millions digit of 2393011?
2
What is the units digit of 3580104?
4
What is the hundreds digit of 670831?
8
What is the tens digit of 4332877?
7
What is the millions digit of 1808790?
1
What is the millions digit of 4944346?
4
What is the thousands digit of 90224?
0
What is the tens digit of 5828157?
5
What is the hundred thousands digit of 211465?
2
What is the ten thousands digit of 31446611?
4
What is the hundreds digit of 5689218?
2
What is the thousands digit of 221023?
1
What is the units digit of 31424436?
6
What is the tens digit of 1969614?
1
What is the units digit of 2380134?
4
What is the hundreds digit of 2458131?
1
What is the hundred thousands digit of 410259?
4
What is the tens digit of 9139472?
7
What is the thousands digit of 7610025?
0
What is the ten thousands digit of 316116?
1
What is the units digit of 13767109?
9
What is the units digit of 790836?
6
What is the thousands digit of 555720?
5
What is the tens digit of 2889777?
7
What is the hundred thousands digit of 829071?
8
What is the hundreds digit of 8307038?
0
What is the ten thousands digit of 3606813?
0
What is the hundred thousands digit of 26755181?
7
What is the thousands digit of 4029702?
9
What is the ten thousands digit of 15790478?
9
What is the millions digit of 11944201?
1
What is the hundreds digit of 154918?
9
What is the hundreds digit of 9104?
1
What is the ten thousands digit of 9452816?
5
What is the tens digit of 2295877?
7
What is the thousands digit of 19480884?
0
What is the units digit of 14924765?
5
What is the tens digit of 7263?
6
What is the ten millions digit of 34461711?
3
What is the millions digit of 3394830?
3
What is the ten thousands digit of 136594?
3
What is the thousands digit of 495973?
5
What is the hundreds digit of 1804004?
0
What is the hundred thousands digit of 20948271?
9
What is the millions digit of 28261568?
8
What is the units digit of 292484?
4
What is the ten thousands digit of 489687?
8
What is the ten millions digit of 24126498?
2
What is the millions digit of 42528831?
2
What is the tens digit of 5014848?
4
What is the tens digit of 3459?
5
What is the hundred thousands digit of 6154451?
1
What is the tens digit of 3326710?
1
What is the tens digit of 1455018?
1
What is the units digit of 45257?
7
What is the hundreds digit of 328996?
9
What is the hundred thousands digit of 400847?
4
What is the hundreds digit of 2188?
1
What is the hundred thousands digit of 136307?
1
What is the millions digit of 21900240?
1
What is the tens digit of 6557349?
4
What is the thousands digit of 2461727?
1
What is the tens digit of 452182?
8
What is the hundreds digit of 493947?
9
What is the tens digit of 246034?
3
What is the thousands digit of 19048300?
8
What is the units digit of 5225772?
2
What is the tens digit of 234166?
6
What is the units digit of 749153?
3
What is the hundred thousands digit of 1836509?
8
What is the ten thousands digit of 18796926?
9
What is the thousands digit of 2806976?
6
What is the thousands digit of 970302?
0
What is the hundreds digit of 461172?
1
What is the ten thousands digit of 5249660?
4
What is the thousands digit of 15263439?
3
What is the millions digit of 9439125?
9
What is the ten thousands digit of 2004638?
0
What is the tens digit of 2471800?
0
What is the thousands digit of 1009396?
9
What is the ten thousands digit of 82009?
8
What is the hundreds digit of 169268?
2
What is the hundred thousands digit of 287739?
2
What is the ten thousands digit of 45006?
4
What is the millions digit of 7504724?
7
What is the tens digit of 2896391?
9
What is the ten thousands digit of 1975880?
7
What is the thousands digit of 1707802?
7
What is the ten thousands digit of 327059?
2
What is the hundred thousands digit of 185923?
1
What is the hundred thousands digit of 156095?
1
What is the ten thousands digit of 26240?
2
What is the ten thousands digit of 344022?
4
What is the units digit of 22064?
4
What is the tens digit of 2505532?
3
What is the hundred thousands digit of 11441256?
4
What is the units digit of 206448?
8
What is the hundreds digit of 361766?
7
What is the thousands digit of 24338836?
8
What is the ten millions digit of 14377941?
1
What is the thousands digit of 614376?
4
What is the tens digit of 422313?
1
What is the units digit of 828760?
0
What is the hundred thousands digit of 1180845?
1
What is the hundreds digit of 32813?
8
What is the millions digit of 3083484?
3
What is the thousands digit of 2048605?
8
What is the units digit of 16558819?
9
What is the tens digit of 800962?
6
What is the tens digit of 1557?
5
What is the units digit of 6567101?
1
What is the ten millions digit of 17290082?
1
What is the tens digit of 516055?
5
What is the hundred thousands digit of 186278?
1
What is the thousands digit of 37346827?
6
What is the hundreds digit of 89874?
8
What is the thousands digit of 19561578?
1
What is the ten thousands digit of 164005?
6
What is the units digit of 357803?
3
What is the units digit of 569870?
0
What is the hundred thousands digit of 2746385?
7
What is the tens digit of 2280982?
8
What is the hundreds digit of 368643?
6
What is the ten thousands digit of 27303747?
0
What is the hundreds digit of 6212888?
8
What is the hundreds digit of 4239746?
7
What is the units digit of 2541060?
0
What is the millions digit of 1369827?
1
What is the units digit of 21518023?
3
What is the units digit of 8760464?
4
What is the thousands digit of 277295?
7
What is the units digit of 262811?
1
What is the units digit of 9462229?
9
What is the units digit of 4764769?
9
What is the thousands digit of 2416097?